 is the ten thousands digit of 711352473?
5
What is the thousands digit of 1158151343?
1
What is the hundred millions digit of 2156123808?
1
What is the tens digit of 164344823?
2
What is the ten millions digit of 13036860?
1
What is the hundreds digit of 152559576?
5
What is the hundred thousands digit of 50822454?
8
What is the millions digit of 876359299?
6
What is the millions digit of 43860790?
3
What is the millions digit of 33392369?
3
What is the hundreds digit of 996606684?
6
What is the tens digit of 1082706105?
0
What is the units digit of 732070019?
9
What is the ten millions digit of 54578060?
5
What is the ten thousands digit of 148121177?
2
What is the ten millions digit of 328789252?
2
What is the hundreds digit of 42840291?
2
What is the millions digit of 7804256?
7
What is the millions digit of 118188197?
8
What is the hundred millions digit of 492909141?
4
What is the hundred thousands digit of 76049432?
0
What is the tens digit of 110743591?
9
What is the thousands digit of 58154911?
4
What is the millions digit of 537690579?
7
What is the hundreds digit of 33386076?
0
What is the units digit of 290726828?
8
What is the thousands digit of 45385354?
5
What is the hundreds digit of 106032541?
5
What is the hundred thousands digit of 7438227?
4
What is the ten millions digit of 3428450870?
2
What is the units digit of 186428428?
8
What is the ten millions digit of 224458939?
2
What is the tens digit of 3960574089?
8
What is the millions digit of 3790233?
3
What is the thousands digit of 104322748?
2
What is the thousands digit of 463786441?
6
What is the tens digit of 187515720?
2
What is the thousands digit of 221843567?
3
What is the units digit of 116096536?
6
What is the ten millions digit of 41796348?
4
What is the millions digit of 10015740?
0
What is the ten thousands digit of 1226642216?
4
What is the hundred thousands digit of 799870009?
8
What is the hundred millions digit of 195280064?
1
What is the thousands digit of 287641544?
1
What is the units digit of 514964631?
1
What is the hundred thousands digit of 87401431?
4
What is the hundred thousands digit of 544967626?
9
What is the tens digit of 166269931?
3
What is the ten thousands digit of 4429586844?
8
What is the tens digit of 162108077?
7
What is the ten millions digit of 2074178589?
7
What is the thousands digit of 63064317?
4
What is the ten millions digit of 40383215?
4
What is the tens digit of 163403579?
7
What is the ten thousands digit of 3494075495?
7
What is the thousands digit of 139974221?
4
What is the hundred thousands digit of 30332373?
3
What is the hundred thousands digit of 60972100?
9
What is the hundred millions digit of 336473053?
3
What is the units digit of 179845181?
1
What is the units digit of 3356494?
4
What is the units digit of 2268345666?
6
What is the ten millions digit of 315555590?
1
What is the units digit of 132169633?
3
What is the hundreds digit of 333076458?
4
What is the hundreds digit of 37811239?
2
What is the hundred thousands digit of 131328973?
3
What is the ten millions digit of 4479955446?
7
What is the hundred thousands digit of 1131471382?
4
What is the hundred thousands digit of 5415337959?
3
What is the hundred thousands digit of 40121063?
1
What is the hundreds digit of 1015104931?
9
What is the units digit of 851376472?
2
What is the ten millions digit of 1164231341?
6
What is the hundreds digit of 52635984?
9
What is the hundred millions digit of 251872943?
2
What is the hundreds digit of 287085029?
0
What is the tens digit of 409028533?
3
What is the millions digit of 3402317095?
2
What is the hundred thousands digit of 22389449?
3
What is the thousands digit of 11826976?
6
What is the ten millions digit of 667549916?
6
What is the hundred thousands digit of 9077524?
0
What is the hundred millions digit of 1010813566?
0
What is the ten millions digit of 83533597?
8
What is the units digit of 206197520?
0
What is the hundred thousands digit of 928007391?
0
What is the ten millions digit of 222367912?
2
What is the hundreds digit of 448864810?
8
What is the hundred thousands digit of 976437385?
4
What is the ten thousands digit of 129336132?
3
What is the hundred millions digit of 7875491133?
8
What is the thousands digit of 1690663093?
3
What is the hundreds digit of 338229899?
8
What is the thousands digit of 2166418398?
8
What is the hundreds digit of 64444765?
7
What is the ten thousands digit of 2064597980?
9
What is the units digit of 1340017017?
7
What is the ten thousands digit of 302015679?
1
What is the ten millions digit of 3102573538?
0
What is the hundred thousands digit of 988651889?
6
What is the hundred thousands digit of 289353433?
3
What is the ten thousands digit of 104790652?
9
What is the ten thousands digit of 278543762?
4
What is the units digit of 7458384?
4
What is the millions digit of 167968773?
7
What is the millions digit of 617120769?
7
What is the hundreds digit of 5229848496?
4
What is the units digit of 482975439?
9
What is the units digit of 629060226?
6
What is the ten millions digit of 138243434?
3
What is the ten thousands digit of 382835634?
3
What is the billions digit of 1628210098?
1
What is the ten millions digit of 26245804?
2
What is the units digit of 211717626?
6
What is the hundred millions digit of 1480473126?
4
What is the hundred millions digit of 245774839?
2
What is the ten millions digit of 1226015535?
2
What is the millions digit of 12351414?
2
What is the hundred millions digit of 1132732166?
1
What is the hundred thousands digit of 483846914?
8
What is the ten thousands digit of 69245413?
4
What is the billions digit of 6880803984?
6
What is the hundreds digit of 58036838?
8
What is the hundred millions digit of 1016927595?
0
What is the hundreds digit of 68854830?
8
What is the hundreds digit of 50027578?
5
What is the units digit of 3547034318?
8
What is the tens digit of 3169375433?
3
What is the millions digit of 209306935?
9
What is the millions digit of 274455307?
4
What is the thousands digit of 55856305?
6
What is the tens digit of 111929856?
5
What is the ten thousands digit of 363325618?
2
What is the ten millions digit of 3577469415?
7
What is the hundreds digit of 3499720?
7
What is the hundred thousands digit of 124887143?
8
What is the ten millions digit of 264124902?
6
What is the tens digit of 52687155?
5
What is the units digit of 215138154?
4
What is the hundreds digit of 175268764?
7
What is the tens digit of 2410747792?
9
What is the hundred thousands digit of 5863562737?
5
What is the units digit of 21968704?
4
What is the thousands digit of 207609569?
9
What is the ten millions digit of 79995095?
7
What is the ten thousands digit of 4945661623?
6
What is the tens digit of 351700471?
7
What is the thousands digit of 57621903?
1
What is the millions digit of 5562780?
5
What is the thousands digit of 179944685?
4
What is the ten thousands digit of 4549818779?
1
What is the units digit of 711933674?
4
What is the thousands digit of 259737755?
7
What is the units digit of 456548167?
7
What is the thousands digit of 232604139?
4
What is the hundreds digit of 19633641?
6
What is the ten thousands digit of 7345695?
4
What is the ten thousands digit of 182089338?
8
What is the hundred thousands digit of 1355266361?
2
What is the tens digit of 403235087?
8
What is the hundreds digit of 506168362?
3
What is the millions digit of 1183337820?
3
What is the hundred thousands digit of 1834501405?
5
What is the hundreds digit of 23254987?
9
What is the hundred millions digit of 432978524?
4
What is the millions digit of 684632789?
4
What is the thousands digit of 7351720325?
0
What is the thousands digit of 52858498?
8
What is the billions digit of 1664886008?
1
What is the hundred thousands digit of 121405732?
4
What is the ten millions digit of 1008087235?
0
What is the ten millions digit of 5458542934?
5
What is the millions digit of 75510887?
5
What is the thousands digit of 1542243280?
3
What is the millions digit of 1907893061?
7
What is the thousands digit of 1578507?
8
What is the thousands digit of 32026956?
6
What is the tens digit of 56532111?
1
What is the hundreds digit of 775554088?
0
What is the ten thousands digit of 1540849324